omposite?
True
Is 359721013 a prime number?
True
Is 6024773 a prime number?
False
Is 22632305 composite?
True
Is 29610467 a composite number?
True
Is 6736003 a composite number?
False
Is 515145557 a prime number?
True
Is 98100713 composite?
False
Is 6196757 a composite number?
True
Is 1438300669 a composite number?
True
Is 76181785 a prime number?
False
Is 1113997 a prime number?
True
Is 39197042 prime?
False
Is 430996889 prime?
False
Is 75913 a prime number?
True
Is 6737 a composite number?
False
Is 53215637 composite?
True
Is 25022089 composite?
False
Is 45640823 prime?
True
Is 60340307 a composite number?
True
Is 168806383 prime?
False
Is 60716873 prime?
False
Is 58346137 prime?
False
Is 223993919 prime?
True
Is 1458307 composite?
True
Is 939229 a prime number?
True
Is 9313301 a prime number?
True
Is 14394181 a composite number?
False
Is 6277399 composite?
True
Is 19850378 a composite number?
True
Is 468099853 composite?
True
Is 1975989 a composite number?
True
Is 81537403 composite?
False
Is 2106653 prime?
True
Is 51954983 a composite number?
False
Is 441660671 a prime number?
True
Is 3546157 a composite number?
True
Is 577591802 prime?
False
Is 9813677 prime?
True
Is 658573 composite?
False
Is 20792633 a prime number?
True
Is 3862477 a prime number?
True
Is 92613877 composite?
False
Is 410467643 composite?
True
Is 7458137 composite?
False
Is 4771079 prime?
False
Is 405573013 composite?
True
Is 314594633 composite?
False
Is 16843394 a composite number?
True
Is 295105 a prime number?
False
Is 1205891 prime?
True
Is 909001 composite?
True
Is 507936397 composite?
False
Is 4535119 a prime number?
False
Is 10699153 prime?
True
Is 43526993 a composite number?
False
Is 238257733 a prime number?
False
Is 41309947 prime?
False
Is 46725311 prime?
False
Is 41069759 a prime number?
True
Is 11070973 a composite number?
False
Is 2832073 a composite number?
False
Is 2374481 a composite number?
True
Is 1482953 composite?
True
Is 77167771 a prime number?
False
Is 48516002 prime?
False
Is 566677 prime?
True
Is 99060943 prime?
True
Is 8612431 a prime number?
False
Is 33738479 prime?
False
Is 1745609 a composite number?
True
Is 92269 a prime number?
True
Is 1312637 a prime number?
True
Is 2433743 prime?
False
Is 83299 a prime number?
True
Is 4790161 a prime number?
False
Is 109863593 a prime number?
False
Is 55031599 prime?
False
Is 34530607 a composite number?
False
Is 7228273 a composite number?
True
Is 36995831 prime?
False
Is 12655663 a composite number?
True
Is 40138069 composite?
False
Is 3134297 composite?
True
Is 28771133 a prime number?
False
Is 124003 a composite number?
True
Is 64712129 composite?
False
Is 271953761 a composite number?
False
Is 351667211 composite?
True
Is 3653033 composite?
True
Is 558365609 composite?
False
Is 14041129 composite?
False
Is 29231617 a prime number?
True
Is 11731 prime?
True
Is 88910893 composite?
True
Is 40729571 composite?
False
Is 18711993 a composite number?
True
Is 3390293 prime?
False
Is 30035989 prime?
False
Is 680489 a composite number?
False
Is 116969389 composite?
True
Is 268354577 a composite number?
True
Is 40699229 composite?
False
Is 18960541 a prime number?
False
Is 8354161 composite?
False
Is 553207 a prime number?
True
Is 81239557 composite?
True
Is 4102149 composite?
True
Is 5634877 composite?
True
Is 1190336299 a prime number?
True
Is 17978627 prime?
False
Is 49449041 prime?
True
Is 6031087 a prime number?
False
Is 656423 prime?
True
Is 2463871 a prime number?
True
Is 7799227 a composite number?
True
Is 1072103 composite?
False
Is 26740379 a composite number?
False
Is 32811419 prime?
True
Is 94028503 a composite number?
True
Is 337739 a composite number?
True
Is 25377709 prime?
False
Is 15964609 prime?
True
Is 91340347 composite?
True
Is 139228646 composite?
True
Is 55238983 a composite number?
False
Is 75055763 a composite number?
False
Is 22198249 a composite number?
True
Is 61012457 a prime number?
False
Is 8509183 composite?
False
Is 51430039 a prime number?
True
Is 2668891 composite?
True
Is 1012494179 a composite number?
False
Is 164723807 composite?
False
Is 85073669 composite?
True
Is 749834681 prime?
True
Is 768920095 a composite number?
True
Is 4090349 prime?
True
Is 8772382 a prime number?
False
Is 51487921 a prime number?
True
Is 68197751 composite?
False
Is 2359879 a composite number?
True
Is 1711261 prime?
False
Is 588463 prime?
True
Is 17298734 composite?
True
Is 2819158 a composite number?
True
Is 10712899 a prime number?
True
Is 26039293 prime?
False
Is 1893953 composite?
True
Is 71249473 a composite number?
True
Is 5547631 prime?
True
Is 230164493 prime?
False
Is 4706591 composite?
False
Is 9902879 a composite number?
True
Is 5658346 composite?
True
Is 2098133 prime?
True
Is 53637733 composite?
True
Is 14149983 composite?
True
Is 443411 a prime number?
False
Is 110681863 prime?
True
Is 13638305 composite?
True
Is 1484458 a prime number?
False
Is 518501 composite?
True
Is 147689 prime?
True
Is 1383163 a composite number?
True
Is 123227891 composite?
False
Is 412831 a composite number?
False
Is 17026951 prime?
True
Is 850961 composite?
True
Is 110558935 composite?
True
Is 2969089 a composite number?
False
Is 32628305 composite?
True
Is 138358981 prime?
False
Is 3808747 composite?
True
Is 839005 composite?
True
Is 8417291 prime?
False
Is 8136967 prime?
True
Is 2071507 prime?
True
Is 20070847 a composite number?
True
Is 1951403 a prime number?
True
Is 70459349 a composite number?
False
Is 54962261 prime?
True
Is 721269201 a composite number?
True
Is 214131497 a composite number?
True
Is 11723681 prime?
True
Is 15802487 prime?
True
Is 13251061 a prime number?
False
Is 171849 prime?
False
Is 1740421 prime?
True
Is 148361 a prime number?
True
Is 27256943 a prime number?
False
Is 1205947 prime?
True
Is 11146823 composite?
True
Is 25398787 composite?
False
Is 796709 a composite number?
False
Is 880723 a composite number?
False
Is 22179481 a composite number?
True
Is 156711683 prime?
True
Is 634415077 composite?
True
Is 45331477 a prime number?
False
Is 10635259 prime?
True
Is 74063617 composite?
False
Is 3254171 composite?
True
Is 3624719 prime?
False
Is 84184781 composite?
False
Is 3658463 prime?
True
Is 582793 a prime number?
True
Is 482721 composite?
True
Is 62796253 composite?
True
Is 8148005 composite?
True
Is 1039637 a composite number?
True
Is 1196155 composite?
True
Is 1575913 prime?
True
Is 42200689 composite?
True
Is 6204359 composite?
True
Is 644941 a composite number?
True
Is 42938981 composite?
True
Is 147031129 a prime number?
False
Is 127488209 prime?
True
Is 44112709 composite?
False
Is 60011429 a composite number?
False
Is 121361329 a prime number?
True
Is 345701 prime?
True
Is 192115621 composite?
False
Is 1177609 composite?
False
Is 7498693 a composite number?
False
Is 1947073 prime?
True
Is 16334777 composite?
False
Is 35721713 prime?
True
Is 5194879 a prime number?
True
Is 1528591 a composite number?
True
Is 132674 prime?
False
Is 356133761 a composite number?
False
Is 304827121 composite?
False
Is 1069912453 a prime number?
False
Is 3181807 a prime number?
False
Is 3848353 a prime number?
False
Is 9641617 prime?
True
Is 276602558 a composite number?
True
Is 389625809 prime?
True
Is 27950711 composite?
True
Is 3993271 a composite number?
True
Is 26536859 a prime number?
True
Is 1338509 composite?
True
Is 9215051 prime?
True
Is 2125291 prime?
False
Is 41173253 prime?
False
Is 57738761 composite?
False
Is 12712187 composite?
False
Is 16602737 prime?
False
Is 5284757 prime?
False
Is 2083957 a prime number?
True
Is 4705997 composite?
False
Is 39534841 prime?
False
Is 48294734 a prime number?
False
Is 1696859 a prime number?
True
Is 118852859 a composite number?
False
Is 196040561 prime?
False
Is 849767 composite?
False
Is 35133551 a prime number?
False
Is 227035311 prime?
False
Is 3746867 a composite number?
True
Is 1126607 a composite number?
True
Is 11221829 prime?
True
Is 83850577 a composite number?
False
Is 12140111 a composite number?
False
Is 849085 a prime number?
False
Is 8056379 prime?
True
Is 216829211 prime?
False
Is 4370287 composite?
True
Is 4935011 composite?
False
Is 35733187 a prime number?
False
Is 6632077 a prime number?
False
Is 7643879 a prime nu